 tens digit of m?
6
Let i = -2 - -39. Suppose 254 = 5*h + s, -s + i + 13 = h. Suppose 2*j - o - 11 - 10 = 0, h = 5*j - 4*o. What is the tens digit of j?
1
Let x(q) = q**3 - 5*q**2 + 3*q + 6. Let t be x(6). Suppose 0 = 3*w + 3*k - 24, 4*w - 3*k + k = 14. Suppose -t = 2*r - w*r. What is the units digit of r?
0
Suppose -6*s - 144 = -8*s. Let b = -41 + s. What is the units digit of b?
1
Suppose -40 + 445 = 3*l. Suppose -132*j + l*j = 354. What is the units digit of j?
8
Let f(p) = 2*p**2 + 14*p + 3. Let o(i) = 3*i**2 + 15*i + 2. Let t(s) = -5*f(s) + 4*o(s). What is the units digit of t(11)?
5
Let b = -338 + 482. What is the units digit of b?
4
Let b(l) = 68*l + 3. Let z(f) = -23*f - 6 + 3 + 2. Let u(i) = 6*b(i) + 17*z(i). What is the tens digit of u(3)?
5
Let d = -24 + 9. Let a = d + 40. What is the units digit of a?
5
Let z(t) = t**2 + t + 2. Let h be (-24)/(-8) - 10/2. Let x be z(h). Suppose -9 = -l - 3*s, 0 = x*l + l - 5*s - 105. What is the tens digit of l?
1
Suppose 0 = -0*r + 2*r. Let z = 2 + r. Suppose -z*w + 100 = 2*w. What is the tens digit of w?
2
Let i(j) be the first derivative of -5/2*j**2 - 18*j - 20/3*j**3 - 2 - 1/4*j**4. What is the tens digit of i(-20)?
8
Let x(b) = -b + 9. Let z be (10 - -2)/(2/10). Let s be 1/2 + z/8. What is the units digit of x(s)?
1
Let w = -226 - -556. What is the units digit of w?
0
Suppose w - 160 = -3*w. Suppose 0*d = d - w. What is the tens digit of d?
4
Let o = 470 - -65. What is the tens digit of o?
3
Suppose 5*z = 384 + 2286. What is the hundreds digit of z?
5
Let l = 2015 - 758. What is the tens digit of l?
5
Let r = 1626 + -976. What is the tens digit of r?
5
Let z be 14*(6/(-3) + 11). Let s = 132 - z. What is the units digit of s?
6
Let i(t) = 41*t + 35. Let n be i(-16). What is the units digit of n/(-63) + 1/7?
0
Suppose -8*t + 9*t + 6 = 0. What is the units digit of (-15)/(-45) - 544/t?
1
Let k(f) = f**3 - 19*f**2 + 5*f - 18. Let n be k(19). Suppose m = 2*w - w - n, 5*w - 405 = -5*m. What is the tens digit of w?
7
Let m = -9 - -8. Let a(i) = -2*i**3 + i**2 - i - 1. What is the units digit of a(m)?
3
Let f = 1757 - 1053. Suppose 5*g - 56 = f. What is the hundreds digit of g?
1
Suppose -g + 1 = -3*x - 4, -2*g - 2*x + 10 = 0. Let h be (8/g)/(6/(-30)). Let z = 21 + h. What is the units digit of z?
3
Suppose -7*y + 35 - 7 = 0. Suppose 7*g = -2*k + 3*g + 222, 459 = y*k + 5*g. What is the units digit of k?
1
Let c(b) = b - 1. Let q(d) = 2*d - 3. Let j(v) = 15*c(v) - 5*q(v). Let a be -1 + 72/(-60)*10/(-4). What is the tens digit of j(a)?
1
Let y(r) = 3*r**3 - r**2 + 1. Let u be y(1). Let a(i) = 2 + u + 0*i - i. What is the units digit of a(0)?
5
Let r be (-8)/12*9/(-2). Suppose -4*u + 159 = -r*a, 5*u - 2*a = a + 201. Suppose -3*j + 63 = -x, 0 = j + j - 2*x - u. What is the tens digit of j?
2
Suppose -3*v - 138 = 4*d, -80 = 2*d - 2*v - 2*v. Let p be 8/d + 80/36. Suppose 10 = 3*h - p. What is the units digit of h?
4
Let s = -130 - -226. Suppose -3*q - 411 = 3*p - 8*p, -p = 4*q - s. What is the tens digit of p?
8
Let h be (-6)/3 - 6/1. Let t(j) = -63*j - 8 + 126*j - 66*j. What is the tens digit of t(h)?
1
Suppose -o + 4*c + 4 = -20, 5*o - c - 25 = 0. Suppose -4 = -o*n + 2*n. Suppose g - 55 = n*d - 7, 5*d + 215 = 5*g. What is the tens digit of g?
3
Suppose -2*f - 1 = -c - 3*f, f = c - 1. Let v(g) = 76*g - 2. What is the units digit of v(c)?
4
Suppose 0 = 81*p - 16*p - 126750. What is the thousands digit of p?
1
Let u(j) = -j + 4. Let p(o) = o**3 + o**2 - o. Let a be p(-2). Let v be u(a). Suppose 8 = n + d, 2*d - v*d = n - 5. What is the units digit of n?
9
Let p(a) be the first derivative of 116*a**3/3 + a + 8. Let t be p(-1). Suppose 2*f - t + 35 = 0. What is the tens digit of f?
4
Let h(x) = 3*x**3 - 6*x**2 - 19*x + 21. What is the tens digit of h(7)?
2
What is the units digit of (22876/95)/((-4)/(-10))?
2
Let k(o) be the first derivative of -o**4/4 + 11*o**3/3 - 6*o**2 + o - 3. Suppose -11*q + 81 = -2*q. What is the units digit of k(q)?
5
Let q be (54/(-3) - 0)*-1. Suppose 6*o + 3 = 3*b + 3*o, -2*b - q = 2*o. What is the tens digit of 0 + 1 + (b - -13)?
1
Let m = 22 + -20. Suppose -32 = -m*n + 26. What is the tens digit of n?
2
Suppose -2*x - 2*x = -5*z - 183, -x + 3*z + 51 = 0. Suppose 2*w - x = -5*j, 0 = -5*w - 26 + 6. What is the tens digit of j?
1
Let s(q) = 40 + 38 + 38*q - 79. What is the units digit of s(1)?
7
Let k(f) = f**2 - 7. Suppose 6*u - 60 = -0*u. What is the units digit of k(u)?
3
Let u(q) = q - 2. Let w be u(5). Suppose -d = 5*a - 26, -20 = -w*d - 2*a + 6. Suppose 9*p - d*p = 99. What is the units digit of p?
3
Let q = -8 - -15. Suppose u - 12 = 5*p + q, 0 = 2*p + 6. Suppose o = -u*o + 125. What is the tens digit of o?
2
Suppose 40*t - 115 = 39885. What is the thousands digit of t?
1
Suppose 9 = 3*z + 3. Let c(o) = -o**3 + o**z + 3 + o + 2*o + o. What is the units digit of c(-3)?
7
Suppose h = 2*r - 59, 0 = h - 3*h + 2. What is the units digit of (18/(-30))/((-2)/r)?
9
What is the tens digit of 50/(-50) + 396/1?
9
Let y = 5 + 0. Suppose -y*h + 8 = -12. Suppose -h*m - 14 = -258. What is the tens digit of m?
6
Suppose 50 = -5*p - 5*h, h + 62 = -4*p + 25. Let y(c) = -6*c - 9 + c + 0. What is the tens digit of y(p)?
3
Let k = -25 - -13. Let q be ((-56)/k)/(2/3). Suppose -q*l = -2*l - 50. What is the tens digit of l?
1
Let l = 98 + -98. What is the units digit of l + (-237)/(-5) + (-2)/5?
7
Suppose 0 = 325*l - 320*l - 2070. What is the tens digit of l?
1
Let b(q) = 14*q - 11*q**3 + 8 - 47 + 10*q**3 + 13*q**2. What is the hundreds digit of b(13)?
1
Suppose -9 = -4*n + 7. Suppose 2*v + v - 1 = n*b, 5*b = 2*v + 4. What is the units digit of b/9 + (-70)/(-9)?
8
Let k be -42 - (-1 - 3) - -4. Let r = 14 - k. What is the units digit of (-3)/(-2)*r/2?
6
Let s = 199 + -132. Let p = s - 107. What is the units digit of ((-4)/10)/(4/p)?
4
Let m(r) = 33*r + 20. Let d(b) = -b**2 - 12*b - 8. Let o be d(-11). What is the units digit of m(o)?
9
Let y(l) = 139*l - 972. What is the units digit of y(26)?
2
Suppose 2*b = -4, 532 = -2*d + 3*b + b. Let w = -116 - d. What is the tens digit of w?
5
Let w(t) = 4*t**2 + t + 1. Let q be w(-1). Let b be (-30)/(-7) + (-4)/14. Suppose -b*s + q = -0*s. What is the units digit of s?
1
Let k(y) = -y**2 + 13*y + 4. Let d be k(13). Suppose -4*p + 2*p = -3*a - 136, -d*a + 57 = p. What is the tens digit of p?
6
Suppose -4*h = 5*l - 2, 1 = 5*h + 5*l - 4. Let x = h - 2. What is the units digit of -19 + 50 - (1 + x)?
9
Let w be ((-2)/(-4)*-166)/(-1). Let q = w + -48. Suppose -v + q = -14. What is the units digit of v?
9
Suppose -56*k + 160 = -51*k. Suppose 5*a + 4 = 24, a + k = 4*w. What is the units digit of w?
9
What is the units digit of 6 + (108 + -4)*4?
2
Suppose -17 = -6*f + 37. Suppose f*y - 110 = 1204. What is the tens digit of y?
4
What is the units digit of 35/14*-2 - -2411?
6
Let m(y) = 7*y + 6. Let a(t) = 14*t - 9 - 12*t - 12*t. Let v(w) = 5*a(w) + 7*m(w). What is the units digit of v(-4)?
1
Suppose -2*m + 6 + 10 = 2*q, 0 = -2*m + 8. Let a be 1 - (-61 + q + -3). Suppose 0*z + z - 5*t = 23, -5*z = 2*t - a. What is the tens digit of z?
1
Let s be (-3)/((-465)/720 + 2/3). What is the hundreds digit of 250*(-4 + s/(-30))?
2
Let b = -26 + 31. Let s = 7 - b. Suppose 0 = -s*g - 2, -2*v - 3*v + 160 = -5*g. What is the units digit of v?
1
Let q be (-3)/(-5) - 34/(-10). Suppose 5*w = n + 10, 0*w - w + q*n = 17. Suppose -3*x + 76 = 2*z + 6, 0 = 2*x + w*z - 45. What is the units digit of x?
4
What is the hundreds digit of -282*(2/(-1) - 11/22)?
7
Let k(j) = 33*j + 2. Let a(y) = 22*y + 1. Let u(w) = -7*a(w) + 5*k(w). Let p be u(6). Let d = -49 + p. What is the tens digit of d?
2
Let z(x) = -x - 1. Let s(i) = 1. Let f(l) = -2*s(l) - z(l). Let j(g) = -2*g. Let k(b) = -6*f(b) - j(b). What is the tens digit of k(-4)?
2
Suppose 0*m = -3*m - g + 21, -2*g = -6. Let b = -3 + m. Suppose 4*n - 270 = -5*j, 4*j - b*n + 28 = 213. What is the tens digit of j?
5
What is the tens digit of 128548/56 + (-14)/4?
9
Let g(q) = -q**3 - q**2 + 19*q - 7. What is the hundreds digit of g(-7)?
1
Let a(n) = -7*n**3 + n**2 - 1. Let m be a(-1). Let r = 4 - m. What is the units digit of r - (-11 - 0/3)?
8
Let g(z) = -z**2 - 10*z - 4. Let j be g(-4). Suppose -3*h = -m + 5*m - 80, -5*h = -j. What is the tens dig